ist the prime factors of 1138619.
179, 6361
List the prime factors of 18248522.
2, 23, 31, 67, 191
List the prime factors of 3484573.
3484573
What are the prime factors of 52494?
2, 3, 13, 673
List the prime factors of 773141.
223, 3467
What are the prime factors of 1124811?
3, 124979
What are the prime factors of 247556?
2, 199, 311
List the prime factors of 4064999.
31, 131129
List the prime factors of 103207.
13, 17, 467
What are the prime factors of 118959?
3, 19, 2087
List the prime factors of 5152102.
2, 37, 69623
What are the prime factors of 428880?
2, 3, 5, 1787
List the prime factors of 4309684.
2, 1077421
What are the prime factors of 945832?
2, 191, 619
List the prime factors of 19319199.
3, 97, 197, 337
List the prime factors of 8680960.
2, 5, 3391
List the prime factors of 2484173.
347, 7159
List the prime factors of 385154.
2, 7, 11, 41, 61
What are the prime factors of 1195921?
673, 1777
What are the prime factors of 325578?
2, 3, 11, 4933
What are the prime factors of 54506?
2, 27253
What are the prime factors of 6962127?
3, 2320709
What are the prime factors of 3474051?
3, 7, 23633
List the prime factors of 4253876.
2, 11, 17, 47
List the prime factors of 12740250.
2, 3, 5, 16987
What are the prime factors of 749296?
2, 46831
List the prime factors of 967366.
2, 19, 25457
What are the prime factors of 480587?
480587
List the prime factors of 6181495.
5, 29, 89, 479
List the prime factors of 645281.
7, 13, 1013
What are the prime factors of 647183?
53, 12211
What are the prime factors of 245835?
3, 5, 607
What are the prime factors of 1093312?
2, 11, 1553
List the prime factors of 844688.
2, 13, 31, 131
List the prime factors of 2559908.
2, 13, 19, 2591
List the prime factors of 195799.
23, 8513
List the prime factors of 899577.
3, 7, 109, 131
List the prime factors of 243776.
2, 13, 293
What are the prime factors of 2624391?
3, 7, 11, 541
What are the prime factors of 16406443?
19, 863497
List the prime factors of 109144.
2, 7, 1949
What are the prime factors of 42807?
3, 19, 751
What are the prime factors of 956424?
2, 3, 7, 5693
What are the prime factors of 16982439?
3, 17, 332989
List the prime factors of 30722452.
2, 7680613
What are the prime factors of 2650277?
7, 241, 1571
List the prime factors of 422006.
2, 13, 16231
List the prime factors of 36198.
2, 3, 2011
What are the prime factors of 130006?
2, 65003
What are the prime factors of 761309?
137, 5557
List the prime factors of 915557.
915557
List the prime factors of 155260.
2, 5, 7, 1109
List the prime factors of 4356163.
7, 653, 953
List the prime factors of 1162020.
2, 3, 5, 107, 181
List the prime factors of 721016.
2, 90127
What are the prime factors of 276396?
2, 3, 31, 743
What are the prime factors of 21661?
21661
What are the prime factors of 335301?
3, 111767
List the prime factors of 520811.
29, 17959
What are the prime factors of 13648522?
2, 23, 269, 1103
What are the prime factors of 288627?
3, 23, 47, 89
List the prime factors of 282400.
2, 5, 353
What are the prime factors of 31277?
31277
List the prime factors of 431090.
2, 5, 11, 3919
What are the prime factors of 469410?
2, 3, 5, 15647
What are the prime factors of 4512190?
2, 5, 107, 4217
What are the prime factors of 3341813?
3341813
What are the prime factors of 1420702?
2, 710351
What are the prime factors of 11186853?
3, 163, 22877
List the prime factors of 5727519.
3, 7, 229, 397
What are the prime factors of 4214103?
3, 41, 34261
What are the prime factors of 178841?
13, 13757
What are the prime factors of 20410221?
3, 13, 577, 907
List the prime factors of 3308567.
3308567
What are the prime factors of 56233?
53, 1061
What are the prime factors of 636756?
2, 3, 47, 1129
List the prime factors of 7784387.
13, 598799
List the prime factors of 7274728.
2, 909341
List the prime factors of 387932.
2, 293, 331
List the prime factors of 94801.
7, 29, 467
What are the prime factors of 26421838?
2, 1091, 12109
List the prime factors of 870491.
870491
What are the prime factors of 615621?
3, 17, 12071
List the prime factors of 3373027.
7, 481861
What are the prime factors of 13430414?
2, 2153, 3119
List the prime factors of 1678841.
83, 113, 179
What are the prime factors of 134208?
2, 3, 233
What are the prime factors of 184072?
2, 7, 19, 173
List the prime factors of 3763908.
2, 3, 11617
List the prime factors of 3646094.
2, 1823047
What are the prime factors of 50117?
23, 2179
List the prime factors of 276364.
2, 11, 571
List the prime factors of 66570.
2, 3, 5, 7, 317
What are the prime factors of 245860?
2, 5, 19, 647
List the prime factors of 12345768.
2, 3, 171469
What are the prime factors of 255227?
7, 19, 101
What are the prime factors of 1581038?
2, 790519
What are the prime factors of 1550763?
3, 172307
List the prime factors of 217090.
2, 5, 17, 1277
What are the prime factors of 165399?
3, 13, 4241
List the prime factors of 1106229.
3, 368743
What are the prime factors of 5335357?
1913, 2789
What are the prime factors of 9162478?
2, 13, 352403
List the prime factors of 842393.
842393
List the prime factors of 29319.
3, 29, 337
What are the prime factors of 287651?
7, 13, 29, 109
What are the prime factors of 36209?
36209
What are the prime factors of 205262?
2, 29, 3539
List the prime factors of 79790.
2, 5, 79, 101
What are the prime factors of 316043?
7, 13, 23, 151
List the prime factors of 379578.
2, 3, 41, 1543
What are the prime factors of 1551707?
1551707
List the prime factors of 132999.
3, 43, 1031
List the prime factors of 198533.
198533
What are the prime factors of 317471?
7, 11, 19, 31
What are the prime factors of 131417?
11, 13, 919
What are the prime factors of 732936?
2, 3, 30539
What are the prime factors of 382766?
2, 23, 53, 157
List the prime factors of 8071331.
107, 241, 313
What are the prime factors of 216531?
3, 7, 491
What are the prime factors of 2913931?
107, 113, 241
List the prime factors of 316203.
3, 105401
What are the prime factors of 1295514?
2, 3, 11, 727
What are the prime factors of 729457?
729457
What are the prime factors of 73155?
3, 5, 4877
List the prime factors of 198920.
2, 5, 4973
What are the prime factors of 3171366?
2, 3, 11, 19, 281
List the prime factors of 71289.
3, 89
What are the prime factors of 340859?
340859
List the prime factors of 114726.
2, 3, 19121
What are the prime factors of 354685?
5, 70937
List the prime factors of 206439.
3, 68813
List the prime factors of 2866283.
7, 19, 23, 937
What are the prime factors of 156320?
2, 5, 977
What are the prime factors of 2245404?
2, 3, 7, 26731
List the prime factors of 176977.
176977
What are the prime factors of 2786886?
2, 3, 17203
What are the prime factors of 3828292?
2, 13, 83, 887
List the prime factors of 608087.
608087
What are the prime factors of 4391685?
3, 5, 32531
What are the prime factors of 777537?
3, 19, 4547
List the prime factors of 3343969.
353, 9473
List the prime factors of 1620937.
443, 3659
What are the prime factors of 1610021?
7, 230003
List the prime factors of 5951392.
2, 179, 1039
List the prime factors of 2320125.
3, 5, 23, 269
List the prime factors of 478630.
2, 5, 23, 2081
What are the prime factors of 36218421?
3, 113, 1319
List the prime factors of 30848928.
2, 3, 11, 131, 223
List the prime factors of 3321333.
3, 19, 19423
What are the prime factors of 21885581?
23, 43, 22129
What are the prime factors of 155998?
2, 77999
List the prime factors of 3490087.
127, 27481
What are the prime factors of 7141614?
2, 3, 277, 4297
What are the prime factors of 207465?
3, 5, 13831
List the prime factors of 3364163.
11, 27803
List the prime factors of 17418793.
7, 2488399
List the prime factors of 470108.
2, 211, 557
List the prime factors of 76141.
13, 5857
What are the prime factors of 2885602?
2, 389, 3709
List the prime factors of 1548171.
3, 31, 179
List the prime factors of 4455622.
2, 1429, 1559
What are the prime factors of 38138?
2, 19069
List the prime factors of 87773.
7, 12539
List the prime factors of 8747806.
2, 569, 7687
List the prime factors of 3256236.
2, 3, 29, 3119
What are the prime factors of 258692?
2, 7, 9239
List the prime factors of 267231.
3, 281, 317
What are the prime factors of 883125?
3, 5, 157
List the prime factors of 1